es 150 divide 1198783?
False
Does 30 divide 129543?
False
Is 277 a factor of 2051462?
True
Is 116 a factor of 777780?
True
Is 4 a factor of 19848?
True
Is 160 a factor of 2456000?
True
Is 460 a factor of 16560?
True
Does 64 divide 307067?
False
Does 108 divide 2026916?
False
Is 101 a factor of 1604385?
True
Is 534860 a multiple of 4?
True
Does 32 divide 225344?
True
Is 156 a factor of 56316?
True
Is 14 a factor of 9329572?
True
Is 6304647 a multiple of 97?
False
Is 764 a factor of 194820?
True
Does 158 divide 168112?
True
Is 23 a factor of 91293?
False
Does 96 divide 395255?
False
Does 170 divide 36088450?
True
Is 8 a factor of 1720?
True
Is 34 a factor of 1779900?
True
Is 48 a factor of 57478?
False
Does 153 divide 11155?
False
Is 1052647 a multiple of 442?
False
Is 7183329 a multiple of 10?
False
Is 891 a factor of 1528150?
False
Does 172 divide 2061764?
True
Is 215 a factor of 2877775?
True
Does 449 divide 3291333?
False
Does 68 divide 122110?
False
Does 205 divide 158847?
False
Does 61 divide 21106?
True
Does 211 divide 2427861?
False
Does 13 divide 99489?
True
Does 19 divide 145692?
True
Does 665 divide 9475585?
True
Is 53 a factor of 13429140?
True
Does 398 divide 13924214?
False
Is 145 a factor of 333645?
True
Is 90 a factor of 270331?
False
Is 259584 a multiple of 312?
True
Is 6 a factor of 11682244?
False
Is 7 a factor of 157571?
False
Does 11 divide 50477?
False
Does 258 divide 210572?
False
Is 349856 a multiple of 52?
True
Is 9 a factor of 149040?
True
Is 1045479 a multiple of 8?
False
Does 60 divide 11555820?
True
Is 268922 a multiple of 118?
True
Is 230181 a multiple of 22?
False
Is 909536 a multiple of 94?
False
Is 57 a factor of 264366?
True
Is 900775 a multiple of 137?
True
Is 712 a multiple of 51?
False
Is 1077700 a multiple of 100?
True
Is 4 a factor of 5251013?
False
Does 18 divide 902966?
False
Is 63 a factor of 6126833?
False
Is 392 a factor of 11797906?
False
Is 734430 a multiple of 2?
True
Is 54894 a multiple of 107?
False
Is 10 a factor of 17270?
True
Does 29 divide 227224?
False
Is 330 a factor of 135630?
True
Is 1538534 a multiple of 74?
True
Is 29 a factor of 763019?
True
Is 272678 a multiple of 154?
False
Does 143 divide 665236?
True
Does 29 divide 1159493?
False
Does 10 divide 1135070?
True
Does 666 divide 1664156?
False
Is 30237485 a multiple of 37?
False
Is 12 a factor of 710148?
True
Does 184 divide 17667864?
True
Does 1667 divide 18485363?
True
Is 28 a factor of 1164660?
True
Does 13 divide 338917?
False
Is 1809738 a multiple of 542?
True
Is 297 a factor of 120471?
False
Is 97469 a multiple of 29?
True
Is 31 a factor of 1324692?
True
Does 410 divide 3799470?
True
Is 3095253 a multiple of 230?
False
Does 332 divide 2031432?
False
Does 295 divide 21332240?
False
Is 24143 a multiple of 4?
False
Is 16 a factor of 15165056?
True
Does 6 divide 46120?
False
Does 4 divide 290044?
True
Is 170155 a multiple of 17?
False
Is 15 a factor of 3053415?
True
Does 628 divide 456556?
True
Is 595 a factor of 73780?
True
Does 9 divide 618692?
False
Is 20 a factor of 755534?
False
Does 23 divide 2873509?
False
Does 116 divide 780775?
False
Is 2754025 a multiple of 25?
True
Is 943140 a multiple of 55?
True
Is 107 a factor of 196846?
False
Is 3 a factor of 154982?
False
Does 3 divide 5407?
False
Does 31 divide 12916088?
True
Is 307298 a multiple of 80?
False
Is 3415548 a multiple of 758?
True
Does 669 divide 854982?
True
Does 171 divide 4909987?
False
Is 553496 a multiple of 344?
True
Is 127397 a multiple of 288?
False
Is 184704 a multiple of 111?
True
Is 129 a factor of 892938?
True
Is 4263553 a multiple of 214?
False
Is 136200 a multiple of 10?
True
Does 87 divide 604678?
False
Is 583439 a multiple of 6?
False
Is 27384 a multiple of 28?
True
Is 706330 a multiple of 23?
True
Does 55 divide 1699610?
True
Is 15 a factor of 205125?
True
Is 45 a factor of 542161?
False
Does 3 divide 3862682?
False
Is 1791687 a multiple of 15?
False
Is 42 a factor of 58295?
False
Is 52206 a multiple of 18?
False
Is 31 a factor of 343325?
True
Is 25618 a multiple of 558?
False
Is 6412036 a multiple of 54?
False
Is 15648 a multiple of 652?
True
Does 2 divide 3261?
False
Is 44 a factor of 70960?
False
Is 6336044 a multiple of 552?
False
Is 39843 even?
False
Does 520 divide 4853160?
True
Is 47 a factor of 2816576?
False
Is 1690560 a multiple of 13?
False
Is 12 a factor of 41225?
False
Is 35 a factor of 1037820?
True
Is 8977231 a multiple of 25?
False
Is 678400 a multiple of 427?
False
Is 8520 a multiple of 6?
True
Is 13 a factor of 213694?
True
Is 314672 a multiple of 71?
True
Does 61 divide 5795804?
False
Does 23 divide 5085898?
True
Is 23625 a multiple of 120?
False
Does 23 divide 88435?
True
Is 84 a factor of 2385448?
False
Is 9109939 a multiple of 143?
False
Is 2149700 a multiple of 332?
True
Is 94 a factor of 821102?
False
Is 40001 a multiple of 17?
True
Is 160 a factor of 1370441?
False
Does 617 divide 223971?
True
Does 1613 divide 8190814?
True
Does 27 divide 4665492?
True
Is 13 a factor of 301954?
False
Is 2132192 a multiple of 399?
False
Is 873058 a multiple of 2?
True
Is 1008 a factor of 3144960?
True
Does 24 divide 121540?
False
Is 144 a factor of 1852128?
True
Is 61 a factor of 232289?
False
Is 8698600 a multiple of 10?
True
Is 869736 a multiple of 434?
True
Is 23182 a multiple of 78?
False
Is 260 a factor of 1177027?
False
Does 259 divide 82621?
True
Is 13 a factor of 3011892?
True
Is 1336331 even?
False
Is 52 a factor of 39572?
True
Does 77 divide 12534060?
True
Is 58982 a multiple of 22?
True
Is 45344 a multiple of 52?
True
Is 418 a factor of 1885908?
False
Is 45677 a multiple of 55?
False
Does 106 divide 719631?
False
Is 227 a factor of 85352?
True
Is 243 a factor of 94707?
False
Is 14 a factor of 8651958?
True
Does 53 divide 599536?
True
Is 2071845 a multiple of 135?
True
Does 115 divide 1505810?
True
Is 475995 a multiple of 13?
True
Is 144757 a multiple of 76?
False
Is 2914600 a multiple of 590?
True
Is 281 a factor of 163261?
True
Does 16 divide 673089?
False
Does 208 divide 158935?
False
Is 778941 a multiple of 260?
False
Does 13 divide 5233189?
True
Is 18 a factor of 352548?
True
Is 30 a factor of 44100?
True
Does 63 divide 2767105?
False
Does 3 divide 541530?
True
Does 22 divide 416988?
True
Is 198990 a multiple of 55?
True
Is 70 a factor of 151036?
False
Is 24885 a multiple of 315?
True
Is 8 a factor of 38721?
False
Is 9 a factor of 483678?
True
Is 137 a factor of 11148563?
False
Is 131 a factor of 27387734?
False
Does 32 divide 684583?
False
Is 1511808 a multiple of 5?
False
Is 931273 a multiple of 96?
False
Is 89908 a multiple of 15?
False
Is 7 a factor of 2387994?
True
Is 1698640 a multiple of 340?
True
Is 1107308 a multiple of 50?
False
Does 128 divide 61158?
False
Is 1422986 a multiple of 12?
False
Is 375381 a multiple of 11?
False
Is 430192 a multiple of 339?
False
Does 81 divide 3360609?
True
Does 75 divide 486525?
True
Is 48 a factor of 2242560?
True
Does 80 divide 368320?
True
Is 2726985 a multiple of 68?
False
Is 686 a factor of 961772?
True
Does 558 divide 1457117?
False
Does 892 divide 35797735?
False
Is 40 a factor of 2216280?
True
Is 783558 a multiple of 101?
True
Does 123 divide 180441?
True
Is 103596 a multiple of 178?
True
Does 8 divide 80607?
False
Is 4009302 a multiple of 30?
False
Is 2469579 a multiple of 483?
True
Does 27 divide 289602?
True
Is 67072 a multiple of 7?
False
Is 1342251 a multiple of 227?
True
Does 1631 divide 4888347?
False
Does 94 divide 75452?
False
Is 309291 a multiple of 131?
True
Does 13 divide 3082217?
False
Does 353 divide 15532?
True
Is 17 a factor of 301978?
False
Is 9534890 a multiple of 235?
True
Does 596 divide 4984044?
False
Is 13 a factor of 596843?
True
Does 361 divide 227791?
True
Does 40 divide 3392208?
False
Does 395 divide 792226?
False
Is 1385178 a multiple of 168?
False
Does 21 divide 16095856?
False
Does 116 divide 7354404?
False
Is 347050 a multiple of 45?
False
Is 912246 a multiple of 806?
False
Does 12 divide 19203?
False
Does 7 divide 1031597?
True
Does 11 divide 195726?
False
Is 67 a factor of 69270?
False
Is 399945 a multiple of 35?
True
Is 6 a factor of 71173?
False
Does 203 divide 765537?
False
Is 420964 a multiple of 38?
True
Is 367480 a multiple of 81?
False
Does 1